he prime factors of 84179?
84179
List the prime factors of 15937.
15937
What are the prime factors of 943?
23, 41
List the prime factors of 1627.
1627
List the prime factors of 29777.
11, 2707
What are the prime factors of 127?
127
What are the prime factors of 6403?
19, 337
What are the prime factors of 83560?
2, 5, 2089
What are the prime factors of 5876?
2, 13, 113
List the prime factors of 72563.
149, 487
List the prime factors of 12448.
2, 389
What are the prime factors of 3562?
2, 13, 137
List the prime factors of 736.
2, 23
What are the prime factors of 66781?
11, 13, 467
What are the prime factors of 54273?
3, 79, 229
List the prime factors of 4829.
11, 439
List the prime factors of 3272.
2, 409
List the prime factors of 36184.
2, 4523
List the prime factors of 2601.
3, 17
List the prime factors of 3151.
23, 137
List the prime factors of 3289.
11, 13, 23
List the prime factors of 91271.
107, 853
List the prime factors of 50058.
2, 3, 103
List the prime factors of 1141.
7, 163
What are the prime factors of 8573?
8573
List the prime factors of 110887.
7, 31, 73
What are the prime factors of 16042?
2, 13, 617
List the prime factors of 726.
2, 3, 11
What are the prime factors of 20177?
20177
List the prime factors of 274.
2, 137
List the prime factors of 1902.
2, 3, 317
List the prime factors of 888.
2, 3, 37
List the prime factors of 616.
2, 7, 11
What are the prime factors of 1199?
11, 109
What are the prime factors of 3546?
2, 3, 197
What are the prime factors of 925?
5, 37
What are the prime factors of 5053?
31, 163
What are the prime factors of 5198?
2, 23, 113
What are the prime factors of 116581?
73, 1597
What are the prime factors of 21401?
21401
List the prime factors of 34812.
2, 3, 967
What are the prime factors of 152495?
5, 7, 4357
What are the prime factors of 3776?
2, 59
What are the prime factors of 8392?
2, 1049
List the prime factors of 3140.
2, 5, 157
List the prime factors of 6362.
2, 3181
What are the prime factors of 15691?
13, 17, 71
List the prime factors of 143666.
2, 29, 2477
What are the prime factors of 69385?
5, 13877
What are the prime factors of 75685?
5, 15137
What are the prime factors of 37250?
2, 5, 149
List the prime factors of 126.
2, 3, 7
What are the prime factors of 2550?
2, 3, 5, 17
List the prime factors of 55079.
55079
What are the prime factors of 82350?
2, 3, 5, 61
What are the prime factors of 304?
2, 19
What are the prime factors of 6075?
3, 5
What are the prime factors of 161346?
2, 3, 26891
What are the prime factors of 3902?
2, 1951
List the prime factors of 35917.
7, 733
List the prime factors of 2517.
3, 839
What are the prime factors of 1537?
29, 53
What are the prime factors of 124299?
3, 7, 1973
List the prime factors of 12813.
3, 4271
What are the prime factors of 4730?
2, 5, 11, 43
What are the prime factors of 1416?
2, 3, 59
What are the prime factors of 338?
2, 13
What are the prime factors of 776?
2, 97
List the prime factors of 11704.
2, 7, 11, 19
List the prime factors of 59108.
2, 7, 2111
What are the prime factors of 426?
2, 3, 71
List the prime factors of 19835.
5, 3967
What are the prime factors of 95779?
19, 71
What are the prime factors of 2256?
2, 3, 47
What are the prime factors of 9619?
9619
List the prime factors of 192975.
3, 5, 31, 83
What are the prime factors of 11444?
2, 2861
What are the prime factors of 1650?
2, 3, 5, 11
List the prime factors of 562.
2, 281
What are the prime factors of 35252?
2, 7, 1259
What are the prime factors of 10803?
3, 13, 277
List the prime factors of 5348.
2, 7, 191
What are the prime factors of 2125?
5, 17
What are the prime factors of 24280?
2, 5, 607
What are the prime factors of 1686?
2, 3, 281
List the prime factors of 8210.
2, 5, 821
List the prime factors of 45458.
2, 7, 17, 191
List the prime factors of 1978.
2, 23, 43
List the prime factors of 44668.
2, 13, 859
List the prime factors of 459.
3, 17
List the prime factors of 6650.
2, 5, 7, 19
What are the prime factors of 78293?
59, 1327
List the prime factors of 2502.
2, 3, 139
What are the prime factors of 58486?
2, 29243
List the prime factors of 26956.
2, 23, 293
What are the prime factors of 1276?
2, 11, 29
What are the prime factors of 1119?
3, 373
List the prime factors of 1850.
2, 5, 37
List the prime factors of 24503.
107, 229
List the prime factors of 3755.
5, 751
What are the prime factors of 4718?
2, 7, 337
List the prime factors of 17371.
29, 599
What are the prime factors of 16128?
2, 3, 7
What are the prime factors of 931?
7, 19
List the prime factors of 19090.
2, 5, 23, 83
What are the prime factors of 2241?
3, 83
List the prime factors of 15941.
19, 839
List the prime factors of 5593.
7, 17, 47
What are the prime factors of 18177?
3, 73, 83
List the prime factors of 33524.
2, 17, 29
What are the prime factors of 7941?
3, 2647
What are the prime factors of 3230?
2, 5, 17, 19
What are the prime factors of 3074?
2, 29, 53
What are the prime factors of 3857?
7, 19, 29
List the prime factors of 3400.
2, 5, 17
What are the prime factors of 26773?
41, 653
List the prime factors of 1760.
2, 5, 11
What are the prime factors of 1172?
2, 293
List the prime factors of 7925.
5, 317
List the prime factors of 9785.
5, 19, 103
What are the prime factors of 2270?
2, 5, 227
What are the prime factors of 40502?
2, 7, 11, 263
List the prime factors of 5223.
3, 1741
List the prime factors of 1061.
1061
List the prime factors of 87304.
2, 7, 1559
What are the prime factors of 763?
7, 109
What are the prime factors of 7311?
3, 2437
List the prime factors of 6322.
2, 29, 109
What are the prime factors of 1054?
2, 17, 31
List the prime factors of 8228.
2, 11, 17
What are the prime factors of 2654?
2, 1327
List the prime factors of 1279.
1279
What are the prime factors of 58709?
7, 8387
What are the prime factors of 2092?
2, 523
What are the prime factors of 80143?
7, 107
What are the prime factors of 12493?
13, 31
What are the prime factors of 8551?
17, 503
List the prime factors of 8916.
2, 3, 743
What are the prime factors of 5017?
29, 173
What are the prime factors of 12254?
2, 11, 557
What are the prime factors of 36316?
2, 7, 1297
What are the prime factors of 926?
2, 463
List the prime factors of 830.
2, 5, 83
List the prime factors of 32198.
2, 17, 947
List the prime factors of 21417.
3, 11, 59
List the prime factors of 6643.
7, 13, 73
List the prime factors of 951.
3, 317
List the prime factors of 209136.
2, 3, 4357
What are the prime factors of 1948?
2, 487
What are the prime factors of 40477?
17, 2381
What are the prime factors of 148726?
2, 74363
What are the prime factors of 32784?
2, 3, 683
What are the prime factors of 463?
463
List the prime factors of 1955.
5, 17, 23
What are the prime factors of 375?
3, 5
What are the prime factors of 6838?
2, 13, 263
What are the prime factors of 2980?
2, 5, 149
What are the prime factors of 26160?
2, 3, 5, 109
What are the prime factors of 545?
5, 109
What are the prime factors of 1477?
7, 211
What are the prime factors of 46655?
5, 7, 31, 43
What are the prime factors of 7491?
3, 11, 227
What are the prime factors of 10223?
10223
What are the prime factors of 701?
701
What are the prime factors of 33716?
2, 8429
List the prime factors of 2895.
3, 5, 193
What are the prime factors of 175253?
13, 17, 61
What are the prime factors of 19505?
5, 47, 83
What are the prime factors of 39249?
3, 7, 89
List the prime factors of 151.
151
What are the prime factors of 14584?
2, 1823
List the prime factors of 61538.
2, 29, 1061
What are the prime factors of 389?
389
What are the prime factors of 14616?
2, 3, 7, 29
List the prime factors of 74946.
2, 3, 12491
List the prime factors of 2958.
2, 3, 17, 29
List the prime factors of 229.
229
List the prime factors of 8206.
2, 11, 373
List the prime factors of 74699.
74699
What are the prime factors of 211?
211
List the prime factors of 7217.
7, 1031
What are the prime factors of 7751?
23, 337
What are the prime factors of 2157?
3, 719
What are the prime factors of 14153?
14153
What are the prime factors of 1362?
2, 3, 227
List the prime factors of 77839.
77839
What are the prime factors of 21007?
7, 3001
What are the prime factors of 2794?
2, 11, 127
What are the prime factors of 449?
449
What a